 -3*x + 6. What are the prime factors of w(x)?
2
Let f = 30 - 29. Let k be (-4 - 0/f) + 0. What are the prime factors of 56 + -1 - 3 - k?
2, 7
What are the prime factors of (-11382)/(-30) + ((-12)/15)/2?
379
Let l(g) = -g**2 + 8*g - 14. Let n be l(6). Let t(y) = -42*y + 4. List the prime factors of t(n).
2, 11
Let c(l) = -l**3 - 6*l**2 + 25*l + 6. Let f be c(-11). Let w = -186 + f. What are the prime factors of w?
2, 3, 5
Let r(x) = -x**2 + 10*x - 8. Let o = 1 - 0. Suppose 5*j - 20 = 2*z, 5*j - j = 5*z - o. What are the prime factors of r(j)?
2
Let i be 2 + -2 + (2 - 0). Let l = 9 + i. Let q = -8 + l. What are the prime factors of q?
3
Suppose 0 = -10*v - 27*v + 64121. What are the prime factors of v?
1733
Let o(s) = 3*s - 19. Let w be o(11). Let p = 59 - w. List the prime factors of p.
3, 5
Let s = 19 + -17. List the prime factors of s/((8/(-91))/(-4)).
7, 13
Let h(m) = m**2 + 5*m - 4. Let x be h(-5). Let v be 3*x/12*-5. List the prime factors of v + (1 - 3) - -25.
2, 7
Suppose -3*a + s + 2076 = 0, 9*a - 7*a - 2*s - 1388 = 0. List the prime factors of a.
691
Let g(r) = -r**3 - 7*r**2 - 8*r - 6. Suppose -4*a + 2*s - 40 = -16, a = 4*s - 6. Let m be g(a). Suppose 63 = 3*i + m. What are the prime factors of i?
19
Let m(q) = q**2 + 2*q - 4. Let c be m(-4). Suppose 18*p + 4*p - 22 = 0. List the prime factors of c*-1 + (56 - p).
3, 17
Suppose 0 = -p + 2*p. Let i(h) be the third derivative of h**5/60 + 4*h**3/3 + 66*h**2. List the prime factors of i(p).
2
Suppose 0*f - 10 = -5*f. Let i be f + (-3 - -6) - 3. Suppose 1 + i = k. What are the prime factors of k?
3
Let p(z) = 16 - z + 2*z + 4 - 1. What are the prime factors of p(9)?
2, 7
Let b = -61 + 57. What are the prime factors of b + (-3)/((-9)/420)?
2, 17
Let i = 13194 + -7761. What are the prime factors of i?
3, 1811
Let v = -1404 + 2850. What are the prime factors of v?
2, 3, 241
Let r = -40 - -45. Suppose -m - m + 365 = r*y, 0 = 2*y - 5*m - 175. What are the prime factors of y?
3, 5
Let i = 30 + -24. List the prime factors of (124/6)/(3/27*i).
31
Let n = 2217 + -1051. List the prime factors of n.
2, 11, 53
Let i(w) = -26*w - 15. What are the prime factors of i(-13)?
17, 19
Suppose 5 = x, -2*h = -5*h + x + 4. Let f be 0/2 + (h - 79). Let q = 126 + f. List the prime factors of q.
2, 5
Suppose -2*c - 4 + 201 = -3*p, 2*c + 2*p = 202. Suppose -4*j + 0*j - 5 = m, 4*m + 5*j + 20 = 0. What are the prime factors of m/(c/24)*-10?
2, 3
Let t(m) = m**2 + 97*m - 422. What are the prime factors of t(43)?
2, 3, 311
Let m = -489 - -759. List the prime factors of m.
2, 3, 5
Suppose -i = -3*i + 178. Suppose -2*h + 3*q - 129 = -5*h, -2*h - 3*q = -i. What are the prime factors of h?
2, 5
Let g be ((-51 - -1) + -1)/((-33)/(-22)). Let o = g - -151. What are the prime factors of o?
3, 13
Let i(j) = -4*j - 129. Let s be i(0). Let m = 338 + s. List the prime factors of m.
11, 19
Suppose -2*j + 10 = -m - 0*m, 0 = -5*m - 4*j - 22. Let n = -2 - m. Suppose -2*s - 306 = -5*t, 5*t + n*s + 173 - 461 = 0. What are the prime factors of t?
2, 3, 5
Suppose 0*p - 12 = 4*p. What are the prime factors of p/2*(-12)/18*7?
7
Let y be (2/(-4))/(1/(-6)). Suppose 12 = 3*h + y*h. List the prime factors of h.
2
Let x = -42 + 46. Suppose 80 = v + x. List the prime factors of v.
2, 19
Suppose 3*c + 1341 = 6*b - b, -2*c = 2*b - 546. Suppose 0 = 7*g - 2*g - b. What are the prime factors of g?
2, 3
Let r(x) be the second derivative of -x**5/20 - x**4/12 + x**3/3 + 89*x**2/2 - 4*x. What are the prime factors of r(0)?
89
Suppose 6*t - 5*l = t, 30 = t + 5*l. Suppose t*v = -3*z + 526, 3*v - 302 = 7*z - 2*z. What are the prime factors of v?
2, 13
Suppose 4*v = 4340 - 1412. List the prime factors of v.
2, 3, 61
Let t = 1482 - -489. List the prime factors of t.
3, 73
List the prime factors of 38/2*2*(96 - 17).
2, 19, 79
Let l = 7 - 3. Suppose 1 + 5 = m - 4*k, 4*m + l*k = 24. Suppose m*x - 2*x - 20 = 0, 105 = 5*r + 5*x. List the prime factors of r.
2
Suppose -6*n = -7*n - 11. Let v(c) = -10*c + 5. What are the prime factors of v(n)?
5, 23
Let g be (10/(-15))/(8/12). What are the prime factors of (-9)/(-3) + 43 + g?
3, 5
Let p(g) be the first derivative of 5*g**3/3 + 7*g**2 + 9*g - 19. What are the prime factors of p(-7)?
2, 3, 13
Suppose 46*k + 9120 = 51*k. What are the prime factors of k?
2, 3, 19
List the prime factors of -1 + -1 + 1 - (24 - 231).
2, 103
List the prime factors of (5 + (-11 - -3))*-996.
2, 3, 83
Let n(q) = -q**2 - 10*q - 10. Let w(t) = 4*t**2 - 2*t**2 - 5*t**2 - 21*t - 21. Let g(f) = -5*n(f) + 2*w(f). What are the prime factors of g(6)?
2, 5
Let q(u) = -4*u - 5. Suppose 0 = -6*c - 0*c - 54. List the prime factors of q(c).
31
Let v(h) = h**3 + 8*h**2 + 5*h - 9. Let m be v(-7). Let y(z) = -11*z + 10. Let o be y(m). What are the prime factors of (-2)/(o/21 + 2)?
2, 7
Suppose -3093 - 6763 = -8*l. What are the prime factors of l?
2, 7, 11
Suppose 3*x - 5*x = 2*n - 12, 0 = 5*n - x - 12. Suppose -2*o = -n*o. Suppose 5*b + 3*l - 116 = 0, o*b = -5*b - 4*l + 113. List the prime factors of b.
5
Let x(w) = -w**3 + 14*w**2 - 7*w - 20. Let v be x(12). Suppose -9*r = -7*r - v. List the prime factors of r.
2, 23
Let a be (-1)/(7/10) - 84/(-196). Let s(o) = -8*o**3 + 0*o - 3*o**3 - o. List the prime factors of s(a).
2, 3
Let m be -2*3/(-6)*-139. Let f = -67 - m. List the prime factors of f.
2, 3
What are the prime factors of -162 + 5817 + (-2*5)/2?
2, 5, 113
Let j be -1*4*(-5)/(-5). What are the prime factors of (-6)/j + 6258/28?
3, 5
Let n = -4 + 6. Let s be ((-96)/(-64))/((-3)/56). List the prime factors of s/(n + -3 - 1).
2, 7
Let h(u) = 3*u + 6. Let z be h(5). Suppose 0 = 4*k + 4*r - 96, -2*r - 1 = k - z. What are the prime factors of k?
2, 7
Let x(n) = -4*n + 8. Let v(i) = 23*i - 48. Let c(b) = -6*v(b) - 34*x(b). List the prime factors of c(-9).
2, 17
Let z(s) = 5*s**2 - 5*s. Let n be z(6). Suppose 3*b + 4*g = n, -2*g = b - 12 - 38. List the prime factors of b.
2, 5
Let z be 9/15 - 44/(-10). Suppose -4*l = -z*l + 2*b - 3, 0 = 2*l + 2*b - 12. Suppose 0 = -l*i - q + 8, -5*i = 4*q - 9*q - 20. What are the prime factors of i?
3
Suppose 51 - 9 = 2*n. Let v = 66 - n. What are the prime factors of v?
3, 5
Let i(b) = -b**2 + 17*b + 19 + 7*b - 11 + 2*b**2. What are the prime factors of i(-26)?
2, 3, 5
Suppose -25 = o + 5*k, -7*k - 25 = -o - 2*k. Suppose 4*w - 2*x - 22 - 496 = o, 2*w - 261 = -x. List the prime factors of w.
2, 5, 13
List the prime factors of ((-120)/(-18))/(-10) - (-4310)/3.
2, 359
Suppose 3*s - 18 = -4*a + s, 2*a + 5*s - 13 = 0. Let z be 4 - (-41 - (a - 1)). Let d = 110 - z. What are the prime factors of d?
2, 31
Suppose -2*c + 7164 = -4*m, 10 = 2*m - 0. What are the prime factors of c?
2, 449
Let m(q) = -2*q**2 - q**2 + 1 - 5 - 8*q**2. Let l(g) = 34*g**2 + 11. Let i(n) = 3*l(n) + 8*m(n). List the prime factors of i(1).
3, 5
Suppose -7*b + 10 = -2*b. Suppose 5*c - 4 = b*n, 5*n + 0*c = -2*c + 19. Suppose -n*x + 36 = 2*g, 3 = g + 6. What are the prime factors of x?
2, 7
Let v = -1653 + 2764. What are the prime factors of v?
11, 101
Suppose -l - 5*l + 12 = 0. Let c(r) = -r - 2. Let w be c(l). List the prime factors of (w - -3 - -2) + 25.
2, 13
Suppose -3*a + 6 = -d - 62, 0 = -3*a - 2*d + 53. Suppose 24 = -5*l - a. Let f = 4 - l. What are the prime factors of f?
13
Suppose -3*s - 3*o + 15 = 0, -s - o = -6*o - 23. Let d(a) be the third derivative of a**4/24 + 3*a**3/2 - 18*a**2. What are the prime factors of d(s)?
17
Suppose -20959 = -28*v + 27229. What are the prime factors of v?
1721
Let o(j) = j - 14. Let s be o(14). Suppose k = -4*u - u, -u + 2*k + 11 = s. List the prime factors of (2/2)/(u/9).
3
Suppose -371 = -b + 5*s, 5*b - 2*s + s = 1759. Suppose 224 = 5*t - b. List the prime factors of t.
5, 23
Let u be 31/6 + (-4)/24. Suppose -u*j - h + 96 = -6, 0 = -2*j - 5*h + 27. List the prime factors of (2/(-4))/(j/(-2436)).
2, 29
Let p = -6 - -11. Suppose 13*y = -17*y + 3390. Suppose b - y = -b + p*z, 241 = 4*b + 5*z. What are the prime factors of b?
59
Let u = 45 + -43. Suppose -102 = -3*d + 4*q - 7*q, 5*q = u*d - 54. List the prime factors of d.
2
Let c(p) = 3*p**3 - 9*p**2 + 17*p + 11. What are the prime factors of c(7)?
2, 359
Suppose 83 = 5*c - 7. Suppose 4*p - 183 = -5*n + c, 0 = -4*p + n + 171. What are the prime factors of p?
2, 11
Le